osite?
True
Is 403133 a composite number?
False
Is 6121 a composite number?
False
Is 993 composite?
True
Is 388507 a composite number?
True
Is 36973 composite?
False
Is 198529 a prime number?
True
Is 76577 prime?
False
Is 263819 a composite number?
False
Is 1591 composite?
True
Is 246637 a composite number?
False
Is 1629935 prime?
False
Is 3466 composite?
True
Is 1765817 composite?
False
Is 865 a composite number?
True
Is 46471 composite?
False
Is 167521 prime?
True
Is 41879 a composite number?
False
Is 92921 a prime number?
True
Is 303871 a prime number?
True
Is 29117 a prime number?
False
Is 62773 a prime number?
True
Is 16921 a prime number?
True
Is 409855 a composite number?
True
Is 130294 a prime number?
False
Is 291845 prime?
False
Is 8457 composite?
True
Is 280787 a composite number?
True
Is 36485 a prime number?
False
Is 1220017 a prime number?
False
Is 207167 a composite number?
True
Is 6487 composite?
True
Is 34657 a prime number?
False
Is 5821 a composite number?
False
Is 14563 a prime number?
True
Is 112181 prime?
True
Is 82261 a prime number?
True
Is 3407 prime?
True
Is 52999 prime?
True
Is 462071 a composite number?
True
Is 33131 a composite number?
True
Is 92333 a prime number?
True
Is 265759 composite?
True
Is 1684561 a prime number?
True
Is 42163 a composite number?
True
Is 66727 prime?
False
Is 10561 composite?
True
Is 21149 prime?
True
Is 16871 a prime number?
True
Is 22247 prime?
True
Is 6922805 a prime number?
False
Is 90437 prime?
True
Is 39929 prime?
True
Is 1623 composite?
True
Is 2292691 a composite number?
False
Is 196439 prime?
True
Is 59583 prime?
False
Is 290597 composite?
False
Is 734653 prime?
True
Is 40178 a prime number?
False
Is 95871 prime?
False
Is 3365 a prime number?
False
Is 28727 a composite number?
True
Is 9439 a prime number?
True
Is 5227 a prime number?
True
Is 542641 composite?
True
Is 5345 prime?
False
Is 27533 composite?
True
Is 2281835 prime?
False
Is 31847 composite?
False
Is 23501 a prime number?
False
Is 50413 a prime number?
False
Is 3259 a prime number?
True
Is 60011 composite?
True
Is 2509399 a prime number?
False
Is 1845047 prime?
True
Is 153841 composite?
False
Is 451499 a composite number?
False
Is 140879 a composite number?
True
Is 2437 composite?
False
Is 86327 a composite number?
True
Is 8663 a composite number?
False
Is 744539 prime?
True
Is 1401503 prime?
False
Is 5006 prime?
False
Is 78713 composite?
False
Is 4111 a prime number?
True
Is 1739 composite?
True
Is 234361 a prime number?
True
Is 16466 a composite number?
True
Is 2770811 a prime number?
False
Is 2629 prime?
False
Is 29765 a composite number?
True
Is 1166147 a prime number?
True
Is 483809 a prime number?
True
Is 867637 composite?
True
Is 256931 a prime number?
True
Is 15949 a composite number?
True
Is 977259 composite?
True
Is 151517 prime?
True
Is 121 prime?
False
Is 491747 composite?
False
Is 14281 composite?
False
Is 176459 composite?
False
Is 1134537 a composite number?
True
Is 14471 a composite number?
True
Is 11989 prime?
False
Is 73951 composite?
False
Is 48707 composite?
True
Is 8923 composite?
False
Is 176531 a composite number?
False
Is 754613 composite?
True
Is 7283 a prime number?
True
Is 246547 prime?
False
Is 6899 composite?
False
Is 2014939 a composite number?
False
Is 209621 prime?
True
Is 1823 a composite number?
False
Is 10123 composite?
True
Is 23117 a composite number?
False
Is 332611 a composite number?
False
Is 13751 a prime number?
True
Is 25757 a prime number?
False
Is 6769 prime?
False
Is 18587 prime?
True
Is 12991 composite?
True
Is 9961 composite?
True
Is 8263 a composite number?
False
Is 139135 a composite number?
True
Is 553811 a prime number?
True
Is 51823 composite?
True
Is 14349 composite?
True
Is 1465 prime?
False
Is 68473 prime?
True
Is 53099 composite?
True
Is 1063351 a composite number?
False
Is 62743 composite?
False
Is 1217 composite?
False
Is 8923 a composite number?
False
Is 2491791 a prime number?
False
Is 6729 composite?
True
Is 286673 composite?
False
Is 257 a prime number?
True
Is 4327 a prime number?
True
Is 361589 a prime number?
False
Is 71159 composite?
True
Is 20413 prime?
False
Is 2097221 prime?
False
Is 1020047 a composite number?
True
Is 9757 prime?
False
Is 199093 composite?
True
Is 817669 prime?
True
Is 19973 prime?
True
Is 197539 prime?
True
Is 1366579 prime?
False
Is 38309 composite?
True
Is 20593 composite?
False
Is 57919 a prime number?
False
Is 175399 a prime number?
False
Is 42037 a composite number?
True
Is 649 composite?
True
Is 122201 prime?
True
Is 99377 a composite number?
False
Is 16601 prime?
False
Is 2203 composite?
False
Is 5979 a prime number?
False
Is 138543 prime?
False
Is 44359 a composite number?
True
Is 198241 a composite number?
False
Is 4981 a prime number?
False
Is 5208809 a composite number?
False
Is 6347 a prime number?
False
Is 6779 a composite number?
False
Is 2333 prime?
True
Is 666662 composite?
True
Is 2385417 a composite number?
True
Is 658391 prime?
True
Is 1957243 a composite number?
False
Is 224327 prime?
True
Is 202261 composite?
True
Is 1299301 a prime number?
False
Is 18947 prime?
True
Is 3163 prime?
True
Is 50483 prime?
False
Is 18251 composite?
False
Is 5758 a prime number?
False
Is 64591 composite?
False
Is 1169873 composite?
False
Is 7121 a prime number?
True
Is 474053 composite?
True
Is 133573 prime?
False
Is 15689 a prime number?
False
Is 241391 a prime number?
True
Is 1246181 composite?
False
Is 4894 prime?
False
Is 2725766 a prime number?
False
Is 219221 a composite number?
True
Is 21137 a prime number?
False
Is 3227 a composite number?
True
Is 1202677 composite?
True
Is 69163 a composite number?
False
Is 4327 a prime number?
True
Is 5471 prime?
True
Is 181411 prime?
False
Is 1283861 composite?
True
Is 40333 a prime number?
False
Is 91313 a composite number?
True
Is 525839 a composite number?
False
Is 19841 prime?
True
Is 231943 prime?
True
Is 555029 prime?
True
Is 84097 prime?
False
Is 359797 composite?
True
Is 197755 a prime number?
False
Is 37911 composite?
True
Is 118453 a prime number?
True
Is 168479 composite?
True
Is 3203 prime?
True
Is 6378253 a composite number?
True
Is 85223 a prime number?
True
Is 432061 a composite number?
True
Is 910757 a composite number?
True
Is 85159 a prime number?
True
Is 33161 a composite number?
False
Is 1737257 composite?
False
Is 124473 a composite number?
True
Is 50147 a composite number?
False
Is 64063 a prime number?
True
Is 10531 prime?
True
Is 23849 prime?
False
Is 9793 prime?
False
Is 8133 composite?
True
Is 920897 prime?
False
Is 298653 a prime number?
False
Is 733 a prime number?
True
Is 571223 a composite number?
False
Is 18413 prime?
True
Is 20507 a prime number?
True
Is 1169943 prime?
False
Is 182773 prime?
True
Is 349211 a prime number?
True
Is 1693 prime?
True
Is 3407459 prime?
False
Is 5273 prime?
True
Is 1916833 a composite number?
False
Is 133789 composite?
True
Is 110501 prime?
True
Is 53962 prime?
False
Is 111119 a composite number?
False
Is 4083 composite?
True
Is 7817 a composite number?
False
Is 1777 prime?
True
Is 1652123 a prime number?
False
Is 1399 composite?
False
Is 43817 composite?
True
Is 43913 prime?
True
Is 42469 a composite number?
True
Is 33179 a composite number?
False
Is 175103 composite?
False
Is 1777 a composite number?
False
Is 307 a prime number?
True
Is 14485 a prime number?
False
Is 121819 a composite number?
True
Is 3151829 prime?
True
Is 4855 a composite number?
True
Is 4097 a composite number?
True
Is 452861 a composite number?
True
Is 188227 a prime number?
False
Is 299 a composite number?
True
Is 254053 prime?
True
Is 15305 prime?
False
Is 328247 a composite number?
True
Is 1443557 a composite number?
False
Is 163187 a composite number?
True
Is 497843 a composite number?
True
Is 10 a composite number?
True
Is 416797 a prime number?
True
Is 1077893 a composite number?
False
Is 2386013 a prime number?
False
Is 256721 prime?
True
Is 683 composite?
False
Is 117269 a composite number?
False
Is 20477 a composite number?
False
Is 117071 a prime number?
True
Is 8849 prime?
True
Is 1229 a composite number?
False
Is 101095 prime?
False
Is 14971 a composite number?
True
Is 131797 prime?
True
Is 3229843 prime?
True
Is 413207 composite?
False
Is 13